{"id":19,"date":"2017-01-11T16:05:49","date_gmt":"2017-01-11T15:05:49","guid":{"rendered":"http:\/\/mark-zellweger.com\/?page_id=19"},"modified":"2024-05-29T11:47:43","modified_gmt":"2024-05-29T09:47:43","slug":"accueil","status":"publish","type":"page","link":"https:\/\/mark-zellweger.com\/","title":{"rendered":"Accueil &#8211; Welcome"},"content":{"rendered":"<p><section class=\"kc-elm kc-css-460416 kc_row\"><div class=\"kc-row-container  kc-container\"><div class=\"kc-wrap-columns\"><div class=\"kc-elm kc-css-31135 kc_col-sm-12 kc_column kc_col-sm-12\"><div class=\"kc-col-container\"><div class=\"kc-elm kc-css-656328 kc_text_block\"><\/p>\n<h5><strong>Bienvenue dans mon monde d&rsquo;espions!<\/strong><\/h5>\n<p>Action, suspense jusqu&rsquo;\u00e0 la derni\u00e8re ligne sont au menu de mes romans. Aujourd&rsquo;hui j&rsquo;ai quatre s\u00e9ries: Le R\u00e9seau Ambassador, Les Espionnes du Sal\u00e8ve, Cold War: jeux d&rsquo;espions et Campus.<\/p>\n<p>Dans mes sagas, on retrouve mes h\u00e9ros r\u00e9currents dans chaque livre, mais chacun a ses propres intrigues qui ont leur d\u00e9nouement \u00e0 la fin! Chaque livre peut se lire ind\u00e9pendamment des autres.<\/p>\n<p><strong>R\u00e9seau Ambassador<\/strong><\/p>\n<p>Le Sword, service de renseignement neutre et ind\u00e9pendant doit r\u00e9soudre des crises dans le monde entier et stopper les projets les plus dangereux pour la plan\u00e8te.<\/p>\n<p><strong>Les Espionnes du Sal\u00e8ve<\/strong><\/p>\n<p>Gen\u00e8ve nid d&rsquo;espions et d&rsquo;espionnes entre 1940 et 1945. Action, suspense en pleine guerre mondiale.<\/p>\n<p><strong>Cold War: Jeux d&rsquo;espions<\/strong><\/p>\n<p>La guerre froide vue \u00e0 travers mes deux h\u00e9ros, Alexe\u00ef et John.<\/p>\n<p><strong>Campus<\/strong><\/p>\n<p>De jeunes espions universitaires partent r\u00e9soudre des crises internationales.<\/p>\n<p>\n<\/div>\n<div class=\"kc-elm kc-css-419036 divider_line\">\n\t<div class=\"divider_inner divider_line1\">\n\t\t\t<\/div>\n<\/div>\n<\/div><\/div><\/div><\/div><\/section><section class=\"kc-elm kc-css-289907 kc_row\"><div class=\"kc-row-container  kc-container\"><div class=\"kc-wrap-columns\"><div class=\"kc-elm kc-css-802102 kc_col-sm-12 kc_column kc_col-sm-12\"><div class=\"kc-col-container\"><div class=\"kc-elm kc-css-388379 kc_text_block\"><\/p>\n<p><strong>Welcome to my world of spies!<\/strong><\/p>\n<p>Action and suspense to the very last line are on the menu of my novels. I currently have four series: Le R\u00e9seau Ambassador, Les Espionnes du Sal\u00e8ve, Cold War: jeux d&rsquo;espions and Campus.<\/p>\n<p>In my sagas, my recurring heroes can be found in each book, but each one has its own plot, with a twist at the end! Each book can be read independently of the others.<\/p>\n<p><strong>Ambassador Network<\/strong><\/p>\n<p>The Sword, a neutral and independent intelligence service, must solve crises all over the world and stop the most dangerous projects for the planet.<\/p>\n<p><strong>Les Espionnes du Sal\u00e8ve<\/strong><\/p>\n<p>Geneva, a nest of spies between 1940 and 1945. Action and suspense in the midst of world war.<\/p>\n<p><strong>Cold War: Spy Games<\/strong><\/p>\n<p>The Cold War as seen through the eyes of my two heroes, Alexei and John.<\/p>\n<p><strong>Campus<\/strong><\/p>\n<p>Young university spies set out to solve international crises.<\/p>\n<p>\n<\/div><\/div><\/div><\/div><\/div><\/section><\/p>\n","protected":false},"excerpt":{"rendered":"","protected":false},"author":1,"featured_media":0,"parent":0,"menu_order":0,"comment_status":"closed","ping_status":"closed","template":"sidebar-page.php","meta":{"jetpack_post_was_ever_published":false,"footnotes":""},"jetpack_sharing_enabled":true,"jetpack_shortlink":"https:\/\/wp.me\/P95ddV-j","jetpack-related-posts":[],"_links":{"self":[{"href":"https:\/\/mark-zellweger.com\/index.php\/wp-json\/wp\/v2\/pages\/19"}],"collection":[{"href":"https:\/\/mark-zellweger.com\/index.php\/wp-json\/wp\/v2\/pages"}],"about":[{"href":"https:\/\/mark-zellweger.com\/index.php\/wp-json\/wp\/v2\/types\/page"}],"author":[{"embeddable":true,"href":"https:\/\/mark-zellweger.com\/index.php\/wp-json\/wp\/v2\/users\/1"}],"replies":[{"embeddable":true,"href":"https:\/\/mark-zellweger.com\/index.php\/wp-json\/wp\/v2\/comments?post=19"}],"version-history":[{"count":17,"href":"https:\/\/mark-zellweger.com\/index.php\/wp-json\/wp\/v2\/pages\/19\/revisions"}],"predecessor-version":[{"id":567,"href":"https:\/\/mark-zellweger.com\/index.php\/wp-json\/wp\/v2\/pages\/19\/revisions\/567"}],"wp:attachment":[{"href":"https:\/\/mark-zellweger.com\/index.php\/wp-json\/wp\/v2\/media?parent=19"}],"curies":[{"name":"wp","href":"https:\/\/api.w.org\/{rel}","templated":true}]}}