{"id":456,"date":"2021-01-28T09:11:04","date_gmt":"2021-01-28T08:11:04","guid":{"rendered":"https:\/\/mark-zellweger.com\/?page_id=456"},"modified":"2021-02-03T15:12:50","modified_gmt":"2021-02-03T14:12:50","slug":"les-espionnes-du-saleve-serie","status":"publish","type":"page","link":"https:\/\/mark-zellweger.com\/index.php\/les-espionnes-du-saleve-serie\/","title":{"rendered":"Les Espionnes du Sal\u00e8ve, S\u00e9rie."},"content":{"rendered":"<p><section class=\"kc-elm kc-css-240808 kc_row\"><div class=\"kc-row-container  kc-container\"><div class=\"kc-wrap-columns\"><div class=\"kc-elm kc-css-642317 kc_col-sm-6 kc_column kc_col-sm-6\"><div class=\"kc-col-container\"><\/div><\/div><div class=\"kc-elm kc-css-453918 kc_col-sm-6 kc_column kc_col-sm-6\"><div class=\"kc-col-container\"><\/div><\/div><\/div><\/div><\/section><section class=\"kc-elm kc-css-938468 kc_row\"><div class=\"kc-row-container  kc-container\"><div class=\"kc-wrap-columns\"><div class=\"kc-elm kc-css-535389 kc_col-sm-2 kc_column kc_col-sm-2\"><div class=\"kc-col-container\"><div class=\"kc-elm kc-css-383875 kc_shortcode kc_single_image\">\n\n        <img decoding=\"async\" src=\"https:\/\/i0.wp.com\/mark-zellweger.com\/wp-content\/uploads\/2021\/01\/1Couv-LePacte-Espionne3-200218.jpg?fit=305%2C444&ssl=1\" class=\"\" alt=\"\" \/>    <\/div>\n<\/div><\/div><div class=\"kc-elm kc-css-110692 kc_col-sm-10 kc_column kc_col-sm-10\"><div class=\"kc-col-container\"><div class=\"kc-elm kc-css-279899 kc_text_block\"><\/p>\n<p>Quand l&rsquo;arm\u00e9e allemande envahit la zone sud de la France le 11 novembre 1942, tout change pour nos Espionnes du Sal\u00e8ve. D\u00e9sormais, l&rsquo;ennemi encercle Gen\u00e8ve et le lac L\u00e9man dans sa majeure partie et les points de passages deviennent de plus en plus difficiles \u00e0 franchir.<\/p>\n<p>Dans le m\u00eame temps, la Gestapo de Barbie, Moog et d&rsquo;autres s&rsquo;infiltrent au sein des r\u00e9seaux de r\u00e9sistance.<\/p>\n<p>La fin d&rsquo;ann\u00e9e 42 et le d\u00e9but 43 s&rsquo;annoncent mal pour la R\u00e9sistance et ce d&rsquo;autant plus que la rivalit\u00e9 entre R\u00e9sistance int\u00e9rieure et R\u00e9sistance Gaullienne n&rsquo;arrange pas les choses. C&rsquo;est ainsi que Jean Moulin est arr\u00eat\u00e9 le 21 juin \u00e0 Caluire sur d\u00e9nonciation. Mais qui a trahi\u00a0? Nos Espionnes vont enfin mener l&rsquo;enqu\u00eate et nous dire la v\u00e9rit\u00e9 attendue depuis si longtemps.<\/p>\n<p>Nous retrouvons nos h\u00e9ro\u00efnes qui rempliront encore une fois des missions de plus en plus dangereuses au risque de leur vie. On les retrouve \u00e0 Lodz, Varsovie, Alger, Catane entre autres. Mais seront-elles toutes au rendez-vous du prochain opus\u00a0?<\/p>\n<p>When the German army invaded the southern zone of France on 11 November 1942, everything changed for our Sal\u00e8ve Spies. From now on, the enemy encircled Geneva and most of Lake Geneva and the crossing points became increasingly difficult to cross.<\/p>\n<p>At the same time, the Gestapo of Barbie, Moog and others infiltrate the resistance networks.<\/p>\n<p>The end of 1942 and the beginning of 1943 did not look good for the Resistance, all the more so because the rivalry between the Internal Resistance and the Gallic Resistance did not help matters. Thus Jean Moulin was arrested on 21 June in Caluire on denunciation. But who betrayed him? Our Spies will finally carry out the investigation and tell us the truth that we have been waiting for so long.<\/p>\n<p><strong>T3 de la S\u00e9rie.<\/strong><\/p>\n<p><strong>Sortie en Grand Format Europe 2020 et Qu\u00e9bec en 2021.<\/strong><\/p>\n<p><strong>Sortie en poche en Europe 2021 et au Qu\u00e9bec en 2022.<\/strong><\/p>\n<p>We find our heroines who will once again carry out increasingly dangerous missions at the risk of their lives. We find them in Lodz, Warsaw, Algiers, Catania among others. But will they all be at the rendezvous of the next opus?<\/p>\n<p><strong>T3 of the Series.<\/strong><\/p>\n<p><strong>Released in Large Format Europe 2020 and in Quebec in 2021.<\/strong><\/p>\n<p><strong>Pocket release in Europe 2021 and in Quebec\u00a0 in 2022.<\/strong><\/p>\n<p>\n<\/div>\n<div class=\"kc-elm kc-css-449025 divider_line\">\n\t<div class=\"divider_inner divider_line1\">\n\t\t\t<\/div>\n<\/div>\n<\/div><\/div><\/div><\/div><\/section><section class=\"kc-elm kc-css-663920 kc_row\"><div class=\"kc-row-container  kc-container\"><div class=\"kc-wrap-columns\"><div class=\"kc-elm kc-css-558632 kc_col-sm-2 kc_column kc_col-sm-2\"><div class=\"kc-col-container\"><div class=\"kc-elm kc-css-43800 kc_shortcode kc_single_image\">\n\n        <img decoding=\"async\" src=\"https:\/\/i0.wp.com\/mark-zellweger.com\/wp-content\/uploads\/2021\/01\/1Couv-BletchleyPark-poche-200219.jpg?fit=293%2C482&ssl=1\" class=\"\" alt=\"\" \/>    <\/div>\n<\/div><\/div><div class=\"kc-elm kc-css-630727 kc_col-sm-10 kc_column kc_col-sm-10\"><div class=\"kc-col-container\"><div class=\"kc-elm kc-css-587623 kc_text_block\"><\/p>\n<p>Ce second volume de la s\u00e9rie \u00e0 succ\u00e8s Les Espionnes du Sal\u00e8ve qui se d\u00e9roule entre ao\u00fbt 1941 et novembre 1942 nous r\u00e9serve bien du suspense. Un pur r\u00e9gal ! Le r\u00e9seau des Espionnes du Sal\u00e8ve se restructure apr\u00e8s la trahison d\u2019une des leurs. Elles s\u2019activent sur tous les fronts tant \u00e0 Gen\u00e8ve, Berne, qu\u2019\u00e0 Lyon, Londres, Varsovie et Oran. La Gestapo, l\u2019Abwehr et les tra\u00eetres en tout genre se rapprochent d\u2019elles. Le danger est omnipr\u00e9sent. Combien de nos Espionnes seront encore en vie ? Hannah Leibowitz apprend, le jour de No\u00ebl 41, d\u2019une source top secr\u00e8te, que les nazis construisent des camps d\u2019extermination dans sa Pologne natale, alors qu\u2019elle n\u2019a plus de nouvelle de son mari rest\u00e9 au ghetto de L\u00f2dz. Avram Leibowitz s\u00e9nior est-il encore vivant ? De l\u2019eau lourde a disparu en Norv\u00e8ge ! Une Espionne part \u00e0 la recherche d\u2019un centre de recherche atomique nazi ultra secret. Reviendra-t-elle ? Les nazis auront-ils l\u2019arme de destruction massive ? Le Royaume-Uni subit une attaque sans pr\u00e9c\u00e9dent de l\u2019Abwehr. Celle-ci va-t-elle percer les secrets de Bletchley Park ? \u00c0 Lyon o\u00f9 la R\u00e9sistance et le SOE britannique en lien avec les Espionnes du Sal\u00e8ve sont devenus tr\u00e8s efficaces et organis\u00e9s, la r\u00e9pression nazie s\u2019intensifie. Qui s\u2019en sortira indemne ?<\/p>\n<p>T2 de la S\u00e9rie.<\/p>\n<p>Sortie en Grand Format en Europe 2018 et au Qu\u00e9bec 2019.<\/p>\n<p>Sortie en poche en Europe 2020 et au Qu\u00e9bec 2021.<\/p>\n<p>This second volume of the successful series Les Espionnes du Sal\u00e8ve, which took place between August 1941 and November 1942, is full of suspense. A pure delight! The network of Les Espionnes du Sal\u00e8ve restructures itself after the betrayal of one of their own. They are active on all fronts in Geneva, Bern, Lyon, London, Warsaw and Oran. The Gestapo, the Abwehr and traitors of all kinds are closing in on them. Danger is omnipresent. How many of our spies will still be alive? Hannah Leibowitz learns on Christmas Day 41 from a top-secret source that the Nazis are building extermination camps in her native Poland, even though she has no more news of her husband in the L\u00f2dz ghetto. Is Avram Leibowitz senior still alive? Heavy water has disappeared in Norway! A spy sets off in search of an ultra-secret Nazi atomic research centre. Will she come back? Will the Nazis have the weapon of mass destruction? The United Kingdom suffers an unprecedented attack from the Abwehr. Will it break through the secrets of Bletchley Park? In Lyon, where the Resistance and the British SOE in connection with the Sal\u00e8ve spies have become very effective and organised, Nazi repression is intensifying. Who will escape unscathed?<\/p>\n<p><strong>T2 of the Series.<\/strong><\/p>\n<p><strong>Released in Large Format in Europe 2018 and Qu\u00e9bec 2019.<\/strong><\/p>\n<p><strong>Pocket release in Europe 2020 and Qu\u00e9bec 2021.<\/strong><\/p>\n<\/p>\n<p>\n<\/div>\n<div class=\"kc-elm kc-css-846547 divider_line\">\n\t<div class=\"divider_inner divider_line1\">\n\t\t\t<\/div>\n<\/div>\n<\/div><\/div><\/div><\/div><\/section><section class=\"kc-elm kc-css-442868 kc_row\"><div class=\"kc-row-container  kc-container\"><div class=\"kc-wrap-columns\"><div class=\"kc-elm kc-css-412623 kc_col-sm-2 kc_column kc_col-sm-2\"><div class=\"kc-col-container\"><div class=\"kc-elm kc-css-318228 kc_shortcode kc_single_image\">\n\n        <img decoding=\"async\" src=\"https:\/\/i0.wp.com\/mark-zellweger.com\/wp-content\/uploads\/2021\/01\/1Couv-EspionneSaleve-poche-190220-4.jpg?fit=647%2C1004&ssl=1\" class=\"\" alt=\"\" \/>    <\/div>\n<\/div><\/div><div class=\"kc-elm kc-css-684348 kc_col-sm-10 kc_column kc_col-sm-10\"><div class=\"kc-col-container\"><div class=\"kc-elm kc-css-265947 kc_text_block\"><\/p>\n<p>Mark Zellweger nous m\u00e8ne dans une Gen\u00e8ve nid d\u2019espions durant la seconde guerre mondiale. Il nous fait d\u00e9couvrir \u00e0 travers son nouveau roman d\u2019espionnage un visage de la population et du renseignement militaire suisses de 39 \u00e0 45 qui \u00e9tait jusqu\u2019alors inconnu. Ce n\u2019est que depuis les ann\u00e9es 2000 environ que quelques historiens Fran\u00e7ais et Suisses ont commenc\u00e9 \u00e0 r\u00e9v\u00e9ler les dessous d\u2019une Suisse officiellement neutre, mais qui a soutenu les Alli\u00e9s, en catimini, d\u00e8s les premiers jours. C\u2019est la raison pour laquelle le sous-titre s\u2019intitule : L\u2019envers du miroir.<br \/>Un roman d\u2019espionnage haletant et hautement humain !<\/p>\n<p>Synopsis<br \/>Le 14 juin 1940, l\u2019arm\u00e9e allemande rentre dans Paris et les ann\u00e9es sombres recouvrent la France pour plusieurs ann\u00e9es. Les jours qui suivent, le service de renseignement de l\u2019arm\u00e9e de la Conf\u00e9d\u00e9ration helv\u00e9tique, le SR, sous les ordres du g\u00e9n\u00e9ral Guisan, s\u2019active aux fronti\u00e8res de la Suisse Romande. En m\u00eame temps, la communaut\u00e9 internationale du renseignement bas\u00e9e \u00e0 Gen\u00e8ve depuis 1936 se mobilise sous la f\u00e9rule du vice-consul anglais, Victor Farrell. Peu \u00e0 peu des fili\u00e8res de passage entre la France et la Suisse romande se mettent place, la r\u00e9sistance s\u2019organise entre Gen\u00e8ve et Lyon en concertation avec les espions install\u00e9s \u00e0 Gen\u00e8ve.<br \/>Hannah Leibowitz, \u00e9chapp\u00e9e de justesse du ghetto de Lodz, arrive \u00e0 Gen\u00e8ve en juin 40 avec son fils Avram \u00e2g\u00e9 de 2 ans. Elle prend la t\u00eate d\u2019un groupe de femmes de toutes nationalit\u00e9s et r\u00e9solument d\u00e9cid\u00e9es \u00e0 lutter contre la barbarie nazi. On les d\u00e9nomme : Les Espionnes du Sal\u00e8ve.<br \/>Le 1er juin 1941, Armand jeune lyc\u00e9en communiste de Bourg-en Bresse en Zone interdite, se fait prendre par la gestapo lors d\u2019une tentative d\u2019entr\u00e9e en Suisse au nord de Gen\u00e8ve dans les environs de Satigny (les Fontaines) apr\u00e8s avoir peint sur la mairie de Gex : \u00ab A mort les Boche \u00bb. Une certitude s\u2019impose aux espionnes du Sal\u00e8ve : on l\u2019a d\u00e9nonc\u00e9. Qui est le tra\u00eetre ? Les espionnes et leurs contacts m\u00e8neront leur enqu\u00eate.<br \/>Nos espionnes seront confront\u00e9es \u00e0 des collaborateurs sournois pr\u00e8s \u00e0 les d\u00e9noncer, \u00e0 des agents allemands de l\u2019Abwehr d\u00e9termin\u00e9s et agissant en Suisse sous couverture et \u00e0 des trafiquants en tout genre.<\/p>\n<p><strong>T1 de la S\u00e9rie.<\/strong><\/p>\n<p><strong>Sortie en Grand Format en Europe et au Qu\u00e9bec en 2018.<\/strong><\/p>\n<p><strong>Sortie en poche en Europe et au Qu\u00e9bec en 2019.<\/strong><\/p>\n<p>Mark Zellweger leads us into a Geneva nest of spies during the Second World War. In his new spy novel, he shows us a previously unknown face of the Swiss population and military intelligence from 1939 to 1945. It was only in the 2000s or so that a few French and Swiss historians began to reveal the underbelly of an officially neutral Switzerland, but one that had supported the Allies, in secret, from the earliest days. This is why the subtitle is entitled: L&rsquo;envers du miroir (The other side of the mirror).<\/p>\n<p>A breathless and highly humane spy novel!<\/p>\n<p>Synopsis<\/p>\n<p>On 14 June 1940, the German army entered Paris and the dark years covered France for several years. In the days that followed, the intelligence service of the army of the Swiss Confederation, the SR, under the command of General Guisan, was active on the borders of French-speaking Switzerland. At the same time, the international intelligence community based in Geneva since 1936 was mobilised under the leadership of the English vice-consul, Victor Farrell. Little by little, channels of passage between France and French-speaking Switzerland were established, and resistance was organised between Geneva and Lyon in consultation with the spies based in Geneva.<\/p>\n<p>Hannah Leibowitz, who barely escaped from the Lodz ghetto, arrived in Geneva in June 1940 with her two-year-old son Avram. She leads a group of women of all nationalities who are resolutely determined to fight against Nazi barbarism. They are called : Les Espionnes du Sal\u00e8ve.<\/p>\n<p>On 1st June 1941, Armand, a young communist high school student from Bourg-en-Bresse in the Forbidden Zone, was caught by the Gestapo during an attempt to enter Switzerland north of Geneva in the vicinity of Satigny (les Fontaines) after having painted on the town hall of Gex: \u00ab\u00a0Death to the Boche\u00a0\u00bb. One thing is certain for the spies of the Sal\u00e8ve: it has been denounced. Who is the traitor? The spies and their contacts will investigate.<\/p>\n<\/p>\n<p>Our spies will be confronted with devious collaborators ready to denounce them, determined German Abwehr agents acting in Switzerland under cover and traffickers of all kinds.<\/p>\n<p><b>T1 of the Series.<\/b><\/p>\n<p><b>Released in Large Format in Europe and Quebec in 2018.<\/b><\/p>\n<p><b>Pocket release in Europe and Quebec in 2019.<\/b><\/p>\n<p>\n<\/div><\/div><\/div><\/div><\/div><\/section><\/p>\n","protected":false},"excerpt":{"rendered":"","protected":false},"author":1,"featured_media":0,"parent":0,"menu_order":0,"comment_status":"closed","ping_status":"closed","template":"","meta":{"jetpack_post_was_ever_published":false,"footnotes":""},"jetpack_sharing_enabled":true,"jetpack_shortlink":"https:\/\/wp.me\/P95ddV-7m","jetpack-related-posts":[],"_links":{"self":[{"href":"https:\/\/mark-zellweger.com\/index.php\/wp-json\/wp\/v2\/pages\/456"}],"collection":[{"href":"https:\/\/mark-zellweger.com\/index.php\/wp-json\/wp\/v2\/pages"}],"about":[{"href":"https:\/\/mark-zellweger.com\/index.php\/wp-json\/wp\/v2\/types\/page"}],"author":[{"embeddable":true,"href":"https:\/\/mark-zellweger.com\/index.php\/wp-json\/wp\/v2\/users\/1"}],"replies":[{"embeddable":true,"href":"https:\/\/mark-zellweger.com\/index.php\/wp-json\/wp\/v2\/comments?post=456"}],"version-history":[{"count":2,"href":"https:\/\/mark-zellweger.com\/index.php\/wp-json\/wp\/v2\/pages\/456\/revisions"}],"predecessor-version":[{"id":532,"href":"https:\/\/mark-zellweger.com\/index.php\/wp-json\/wp\/v2\/pages\/456\/revisions\/532"}],"wp:attachment":[{"href":"https:\/\/mark-zellweger.com\/index.php\/wp-json\/wp\/v2\/media?parent=456"}],"curies":[{"name":"wp","href":"https:\/\/api.w.org\/{rel}","templated":true}]}}